220
Let w(o) = 19930*o - 2730400. Determine w(137).
10
Let j(k) = k**2 - 191*k + 6808. What is j(132)?
-980
Let v(o) = 341305*o - 1365212. Give v(4).
8
Let u(t) = t**3 - 116*t**2 - 4732*t + 137. Give u(-32).
9
Let i(l) = l**2 + 2575*l - 155441. What is i(59)?
-35
Let p(c) = 21806*c + 6258320. Calculate p(-287).
-2
Let o(k) = -64*k + 7301. Give o(112).
133
Let z(y) = 180*y**3 - 4*y**2 - 50*y - 47. Calculate z(-1).
-181
Let b(t) = t**3 + 152*t**2 - 1766*t + 3192. Determine b(-163).
-1209
Let p(b) = b**2 - 105*b - 1078. What is p(-9)?
-52
Let j(k) = k**2 + 14705*k + 352365. Determine j(-24).
21
Let o(t) = 567224*t - 3403348. Give o(6).
-4
Let v(k) = 2*k**2 - 36668*k + 695979. What is v(19)?
9
Let n(k) = 17297*k - 6330707. Give n(366).
-5
Let u(g) = g**3 + 18*g**2 + 75*g + 77. What is u(-5)?
27
Let s(b) = -b**3 + 272*b**2 + 550*b - 543. Determine s(274).
5
Let j(i) = -2*i**3 + 9*i**2 + 1762*i + 8345. What is j(-5)?
10
Let i(n) = -n**3 + 121*n**2 - 686*n + 3. Give i(6).
27
Let i(p) = 23*p**2 - 213*p - 235. Determine i(-1).
1
Let w(h) = -306*h - 39636. Give w(-134).
1368
Let s(h) = -2*h**3 - 409*h**2 - 4833*h - 6346. Determine s(-192).
-10
Let a(g) = 3142*g + 69131. What is a(-22)?
7
Let x(i) = i**3 - 36*i**2 - 549*i - 1310. Determine x(48).
-14
Let l(i) = -27*i**2 - 3726*i - 61049. Determine l(-19).
-2
Let d(j) = -2*j**2 + 103*j + 21467. Give d(-81).
2
Let o(i) = -3*i**2 + 32*i - 196. Calculate o(31).
-2087
Let h(g) = -8703*g + 60917. Determine h(7).
-4
Let d(j) = -42890*j - 214455. Give d(-5).
-5
Let b(l) = -700*l + 37763. Determine b(54).
-37
Let m(r) = r**3 + 36*r**2 + 43963*r + 1582676. Give m(-36).
8
Let h(b) = -339*b + 13999. What is h(42)?
-239
Let k(a) = -1564*a + 43748. What is k(28)?
-44
Let s(p) = 22*p**3 + 1497*p**2 + 54*p - 961. What is s(-68)?
-9
Let g(h) = -14510*h - 10998568. Give g(-758).
12
Let f(n) = 5*n**3 + 198*n**2 + 311*n - 103. Determine f(-38).
-369
Let q(w) = 176*w**3 - 1409*w**2 - 2545*w + 20427. What is q(8)?
3
Let f(o) = o**2 + 144*o + 4507. Give f(-98).
-1
Let t(n) = -9*n**3 - 4*n**2 + 12*n + 1. What is t(2)?
-63
Let x(s) = 36*s**2 + 27*s + 108. Determine x(-3).
351
Let m(t) = 2*t**3 + 853*t**2 - 2131*t + 5999. What is m(-429)?
-7
Let n(g) = -7914*g + 1068391. Calculate n(135).
1
Let r(w) = 214*w**2 - 151*w + 18. What is r(2)?
572
Let u(i) = -i**2 + 551771*i + 2758913. Give u(-5).
33
Let s(y) = -10*y**2 + 134*y - 146. Determine s(9).
250
Let m(r) = -2*r**3 + 43*r**2 + 512*r - 36. Calculate m(30).
24
Let x(r) = r**2 + 889*r - 1077. Calculate x(0).
-1077
Let a(w) = -38*w**3 + 12*w**2 - 4*w + 24. Give a(3).
-906
Let u(j) = -11706*j - 550184. Give u(-47).
-2
Let b(y) = 2900*y - 37710. What is b(13)?
-10
Let l(i) = -5*i**2 + 5*i + 15. Give l(-4).
-85
Let n(h) = -20*h**2 + 2419*h - 4834. Calculate n(119).
-193
Let d(r) = r**3 + 202*r**2 + 18815*r + 3921486. Determine d(-204).
-6
Let m(s) = -21098*s + 1624158. What is m(77)?
-388
Let g(j) = 17118*j + 564833. What is g(-33)?
-61
Let f(n) = -6*n**3 + 3151*n**2 + 2625*n + 2633. What is f(526)?
3
Let s(v) = v**3 - 90*v**2 + 262*v - 695. Calculate s(87).
-608
Let s(z) = 2*z**3 + 418*z**2 + 1666*z + 5336. What is s(-205)?
6
Let y(o) = 2*o**3 + 22*o**2 + 745*o + 7266. Calculate y(-10).
16
Let q(r) = -2*r**3 - 152*r**2 - 553*r + 1648. Give q(-72).
-8
Let f(k) = -379*k + 2180. Calculate f(5).
285
Let y(q) = -276*q - 16209. Determine y(-40).
-5169
Let u(g) = -1394556*g - 9761889. Determine u(-7).
3
Let d(f) = 2167*f - 25815. Give d(12).
189
Let o(h) = 116*h**2 + 4574*h + 18007. Give o(-35).
17
Let o(c) = c**3 - 18*c**2 - 15*c + 253. Calculate o(-5).
-247
Let z(u) = u**3 + 164*u**2 + 180*u - 48778. Give z(-161).
5
Let h(p) = -9*p**3 + 53*p**2 - 720*p + 4348. Give h(6).
-8
Let u(d) = d**3 + 298*d**2 - 300*d + 611. What is u(-299)?
910
Let p(d) = d**3 + 4*d**2 - 71*d - 288. Calculate p(-3).
-66
Let n(k) = -2849*k + 31262. Calculate n(11).
-77
Let w(q) = -3*q**2 - 30198*q + 90613. Give w(3).
-8
Let g(p) = -3021*p + 30211. Give g(10).
1
Let y(x) = 9*x**3 - 595*x**2 + 450*x - 25348. Determine y(66).
-4
Let a(y) = 10*y**3 + 859*y**2 - 66*y + 35. Determine a(-86).
-1685
Let z(d) = 512*d + 34571. Determine z(-69).
-757
Let x(j) = j**3 + 14*j**2 - 35*j - 440. Calculate x(6).
70
Let g(t) = -32*t**2 + 2208*t - 85. Determine g(69).
-85
Let b(o) = 12*o**2 + 1133*o - 34086. What is b(24)?
18
Let t(u) = -123*u - 18122. Determine t(-151).
451
Let n(t) = -t**2 - 83*t - 1515. Calculate n(-41).
207
Let q(m) = -m**3 - 175*m**2 - 29*m - 5509. Determine q(-175).
-434
Let b(s) = -s**2 - 375*s - 17072. Give b(-53).
-6
Let b(m) = -m**3 + 4*m**2 + 17238*m - 68945. Determine b(4).
7
Let i(q) = -7461*q - 7451. Calculate i(-1).
10
Let z(g) = -6*g**2 - 2280*g + 1714. What is z(-380)?
1714
Let k(o) = -6*o**2 + 117*o - 1308. Give k(23).
-1791
Let b(g) = -48945*g + 1125722. Give b(23).
-13
Let x(d) = -129614*d + 5962239. Determine x(46).
-5
Let q(j) = 72*j + 1498. Give q(-8).
922
Let n(p) = p**2 - 198*p + 8547. What is n(133)?
-98
Let o(u) = -676*u - 414328. What is o(-613)?
60
Let t(j) = 4*j**3 + 69*j**2 + 303*j + 41. Calculate t(-6).
-157
Let q(b) = -4653*b - 1433120. Calculate q(-308).
4
Let m(o) = -711951*o - 29901962. Give m(-42).
-20
Let u(g) = 20*g**3 - 1359*g**2 - 62*g - 438. Determine u(68).
-30
Let c(b) = -2*b**3 - 44*b**2 - 224*b + 252. Calculate c(-11).
54
Let s(m) = 11*m**2 - 1174*m - 347. What is s(108)?
1165
Let k(x) = 53*x**3 - 35*x**2 - 3*x - 3. Calculate k(1).
12
Let n(r) = r**3 + 217*r**2 - 289075*r - 2192. Calculate n(440).
8
Let i(n) = 7*n**2 - 2962*n + 29329. Calculate i(413).
6
Let p(n) = 4*n**2 - 332*n - 3643. Calculate p(93).
77
Let b(d) = d**2 - 32050*d + 1088508. Give b(34).
-36
Let h(q) = 4*q**2 - 37779*q + 75556. Give h(2).
14
Let a(y) = -7*y**3 - 23*y**2 - 81*y + 28. What is a(-6)?
1198
Let d(p) = p**3 + 92*p**2 + 53*p - 264. Calculate d(-2).
-10
Let r(v) = 191*v**2 - 5*v - 55. Determine r(0).
-55
Let m(w) = 36614*w - 146302. What is m(4)?
154
Let q(l) = 340*l + 87764. What is q(-260)?
-636
Let w(n) = 2282*n - 730238. Determine w(320).
2
Let g(z) = -4*z**3 - 546*z + 544. Calculate g(1).
-6
Let r(t) = 7*t**3 - 71*t**2 + 13*t - 142. What is r(11)?
727
Let s(j) = -198546*j + 1786918. Give s(9).
4
Let v(s) = s**3 + 359*s**2 + 955*s + 86025. Determine v(-357).
-12
Let t(l) = 8*l**2 + 289*l - 1472. Calculate t(-40).
-232
Let y(u) = -6744*u - 121375. Determine y(-18).
17
Let o(s) = 2383*s**2 + 11997*s + 413. Calculate o(-5).
3
Let m(v) = v**2 - 592*v - 21711. What is m(-35)?
234
Let v(a) = -29134*a - 349597. Determine v(-12).
11
Let u(o) = -120*o - 3661. Determine u(-30).
-61
Let s(x) = -x**3 + 106*x**2 + 13320*x - 11. Determine s(-74).
-11
Let x(o) = 7*o**3 + 4550*o**2 - 27*o - 17554. Give x(-650).
-4
Let v(p) = -4*p**2 + 1662*p + 3831. What is v(417)?
1329
Let c(s) = -985*s + 411780. Give c(418).
50
Let n(g) = -g**3 - 27*g**2 + 169*g + 2354. Calculate n(-30).
-16
Let o(s) = 248452*s - 9441172. Calculate o(38).
4
Let q(s) = 2*s**2 + 18195*s + 868756. Determine q(-48).
4
Let r(w) = 3*w**2 + 444*w + 563. What is r(-150)?
1463
Let u(k) = k**3 + k**2 - 49*k - 351. Calculate u(-11).
-1022
Let a(w) = -1197*w + 1345419. Determine a(1124).
-9
Let m(k) = 5*k**3 - 146*k**2 - 8783*k - 517. Calculate m(59).
-45
Let d(r) = -1172166*r + 19926816. Determine d(17).
-6
Let h(v) = 87714*v + 526295. Determine h(-6).
11
Let d(f) = -15*f**2 - 106*f - 759. Calculate d(-11).
-1408
Let k(z) = z**3 - 520*z**2 - 1105*z + 31831. What is k(522)?
-11
Let c(m) = 2584*m - 24039. Determine c(9).
-783
Let l(d) = -12476*d - 2532629. What is l(-203)?
-1
Let n(k) = 563*k - 21852. Give n(39).
105
Let y(o) = 206*o**3 + 5*o**2 + 143*o + 256. Determine y(-2).
-1658
Let s(q) = 6*q**3 - 732*q**2 - 2237*q - 1624. What is s(125)?
1
Let r(k) = 57*k**2 + 302*k + 510. Calculate r(-2).
134
Let k(x) = x**2 + 725*x - 51370. Give k(65).
-20
Let x(s) = -s**3 + 79*s**2 - 1063*s + 28. Calculate x(18).
658
Let m(b) = 2*b**3 - 52*b**2 + 177*b + 3. Give m(4).
7
Let a(i) = -i**3 + 90*i**2 - 211*i + 2943. What is a(88)?
-137
Let f(j) = 178*j + 23330. Calculate f(-131).
12
Let t(q) = -978*q - 102804. Give t(-106).
864
Let j(b) = b**3 - 11*b**2 + 545*b - 4789. Calculate j(9).
-46
Let m(q) = -520*q + 1060. Determine m(2).
20
Let n(a) = 13253*a - 14445